-1) - -4. Calculate the highest common factor of q and y.
4
Suppose 80 = 2*j - 4*p, 20*j - p - 164 = 15*j. What is the highest common factor of 160 and j?
32
Let q be ((-1305)/(-90))/(((-5)/2)/(-5)). Calculate the highest common factor of q and 551.
29
Let k(a) = -a**2 - 20*a + 24. Let o be k(-20). Suppose 2*s + 2*c - 102 = 0, 2*s - 4*c - 44 - 40 = 0. What is the greatest common divisor of s and o?
24
Suppose -3*r + 2*f + 333 = 0, -4*r + 2*f = -37 - 407. What is the greatest common factor of r and 148?
37
Let f(m) be the second derivative of m**3/3 - 13*m**2/2 - 4*m. Let d be f(9). Let q = 23 - -12. Calculate the greatest common divisor of q and d.
5
Suppose -50 = 6*l - 212. Calculate the greatest common factor of 9 and l.
9
Let q = 3 + -1. Suppose -2*z = -3*s + 33 - 3, -q*z = 6. Calculate the highest common factor of s and 2.
2
Suppose 0 = -q + 2*v + 24, -5 = -q - 4*v + 13. What is the highest common divisor of q and 242?
22
Suppose 0 = 5*q - 6 - 9. Suppose 5*p = 4*g - 84, -2*g - p = q*g - 76. Let r(y) = 3*y**2. Let c be r(4). What is the highest common divisor of g and c?
16
Let l(a) = 107*a - 322. Let q be l(6). Calculate the highest common factor of 30 and q.
10
Let y(j) = -5*j - 1. Let w be (-8)/2*(-7)/(-28). Let c be y(w). Suppose -c*p - 5 + 17 = 0. Calculate the greatest common divisor of 1 and p.
1
Let q be ((-116)/(-10))/(16/(-10) + 2). What is the highest common factor of q and 116?
29
Suppose 0 = 4*r + 4, 9 = -4*b + 5*b + 2*r. What is the greatest common factor of 44 and b?
11
Suppose 38*k + 1485 = 7071. Calculate the greatest common factor of k and 168.
21
Suppose -3*w = -3*m - 3, 2*m + 2*w + 16 = -3*w. Let f be 2/(-6) + (-628)/m. Calculate the greatest common divisor of f and 19.
19
Suppose -11*i = -8700 - 5336. Calculate the highest common divisor of i and 232.
116
Suppose 5*l + 11 = 1. Let r(u) = u**2 + u. Let t be r(l). Suppose t*b + 59 = 2*i + 3*b, 2*i + 4*b = 56. Calculate the highest common divisor of 10 and i.
10
Let l = -45 - -81. Suppose -25*k = -20*k - 40. What is the highest common factor of k and l?
4
Let x be (-1 + 15/(-3))*(-49)/14. Let t(m) = -m**3 + 3*m**2 + m + 4. Let w be t(3). Calculate the highest common divisor of x and w.
7
Suppose -4*t = -w - 133 - 89, 0 = 3*t + w - 163. What is the greatest common divisor of 165 and t?
55
Suppose 2 + 20 = -2*s. Let g = 8 - s. What is the highest common divisor of g and 19?
19
Suppose -o + 181 = 2*m, -2*m - 4*o + 187 = -9*o. Suppose -14*n = -3*n - 132. Let i be 49/4 - n/(-16). What is the highest common factor of m and i?
13
Let f be (-59)/59*4/((-4)/65). Calculate the greatest common factor of f and 130.
65
Let m(v) = -15*v. Let x be m(-1). Let j = -14 - -29. Calculate the greatest common factor of j and x.
15
Let l(g) = -19*g + 119. Let p be l(6). What is the greatest common divisor of 105 and p?
5
Suppose -5*d + 47 + 238 = 0. Let t be 1 + 6/4*-4. Let w be (-6)/15 - 97/t. Calculate the greatest common divisor of w and d.
19
Let c(w) = -w**2 + 23*w + 32. Let r be c(21). What is the greatest common factor of 37 and r?
37
Suppose 3*p - p = -p. Suppose p*z + 10*z = 290. Calculate the highest common factor of 58 and z.
29
Let i be 3/(9 - (-3810)/(-425)). Calculate the highest common divisor of i and 306.
17
Let g = -3 + 4. Suppose -5*k + 37 = -38. Suppose 0 = 2*w - 3 - k. Calculate the highest common divisor of w and g.
1
Let f = 130 - 58. Let w = -17 + f. Calculate the greatest common factor of w and 5.
5
Let l(v) = -68*v + 84. Let r be l(0). What is the highest common factor of 350 and r?
14
Let z be 1/4 - (-406)/8. Suppose z = -5*y + 1. Let r be (26/y)/(14/(-70)). Calculate the highest common divisor of 104 and r.
13
Let r = -1455 - -2186. What is the greatest common divisor of r and 17?
17
Let p(o) = 16*o**3 + 2*o - 1. Let c be 1/(3 - -2 - 4). Let h be p(c). Let w(l) = 27*l + 4. Let x be w(3). What is the greatest common factor of h and x?
17
Let v = 59 - 36. Suppose 0 = u - v - 17. Let k be 16*(-5)/(-4 - 1). Calculate the highest common divisor of k and u.
8
Let z be -18*((-24)/(-144))/(1/(-57)). Calculate the highest common divisor of z and 19.
19
Suppose -3 - 5 = 4*x. Let c = x + 8. Calculate the greatest common factor of 54 and c.
6
Let a = 49 + -73. Let r = a - -31. What is the greatest common divisor of r and 7?
7
Let u be (3/4)/((-5)/20). Let n be (-207)/(-46) + u/2. What is the highest common factor of 3 and n?
3
Let f = -296 + 314. What is the greatest common divisor of 6 and f?
6
Let w be (-3)/(-12) - (-11)/4. Suppose 0 = w*g - 24. Let x be (-4)/(-2) + g + 0. What is the greatest common factor of x and 15?
5
Suppose o + 5*q - 7 = 6, 4*q = 5*o - 65. Suppose o + 19 = 4*a. What is the highest common divisor of 16 and a?
8
Let u(a) = -10*a - 292. Let j be u(-32). What is the greatest common divisor of j and 6?
2
Let x be -5 - -16 - (1 - 2 - 2). What is the highest common factor of x and 182?
14
Let f(g) = 2*g**2 - 2*g + 4. Let r be f(-3). Let u = r + -26. Let b be 545/4 + u/(-8). Calculate the highest common factor of b and 17.
17
Let z = -134 - -139. Suppose -4*h + z*s + 327 = 0, -7*h = -3*h - s - 347. Calculate the greatest common factor of 66 and h.
22
Suppose -4*h + 3*y = 236 - 931, 713 = 4*h + 3*y. Let g = 109 + -35. Suppose z = 3*b - z - g, b - 3*z = 34. What is the greatest common factor of b and h?
22
Suppose b - 53 = -3*x + 2*x, -3*x = -3*b - 177. Suppose -5*i + 8 = o - 14, 4*o = -4*i + x. What is the highest common divisor of 3 and o?
3
Suppose h + 21 = n - 58, -152 = -2*n - h. Suppose 0 = -0*s - 4*s - 4*i + 20, 4*s = -2*i + 24. Calculate the greatest common divisor of s and n.
7
Let h(x) = 2*x + 1. Let v be h(7). Let k = v + -12. Suppose -3*m - 82 = -7*m + 2*i, -51 = -2*m + k*i. What is the highest common factor of 3 and m?
3
Suppose 4*a - 8*a + 468 = 0. Suppose -a = 6*g - 9*g. What is the highest common divisor of 26 and g?
13
Let z = 165 - 133. Suppose -6*m - 16 = -4*m. Let k be m/(-12) - 188/(-6). What is the greatest common divisor of z and k?
32
Let x(v) = v**2 + 21*v + 38. Let o be x(-28). What is the greatest common factor of o and 26?
26
Suppose -57*p + 410 = -16*p. Calculate the greatest common divisor of 325 and p.
5
Let a(z) = -z**3 + 15*z**2 - 39*z - 42. Let p be a(11). What is the greatest common factor of p and 8?
1
Let b(h) = -18*h**2 - 200*h - 10. Let a be b(-11). Calculate the greatest common divisor of 324 and a.
12
Let m = 106 + 27. What is the greatest common divisor of m and 38?
19
Let d(r) = -r**3 + 6*r**2 - 8*r + 10. Suppose -y + 2*y = -5*c + 16, -y = -4*c + 20. Let a be d(c). Calculate the highest common factor of 4 and a.
2
Let w = 339 + -186. Suppose 0 = -0*p - p + z - 22, -3*p - 82 = z. Let b = p + 43. Calculate the highest common factor of w and b.
17
Suppose -3*m = m - 12. Let u = 21 + m. Calculate the highest common factor of 3 and u.
3
Suppose 0 = 2*p - 5*u - 19, 3*p = -u + 4 - 1. Suppose -p = -m - 0*m, -3*m = 2*t - 294. What is the greatest common divisor of t and 16?
16
Suppose -155 = -3*t - 4*b, -8*b = -13*b + 25. What is the greatest common factor of t and 120?
15
Let m be 38/4*(-3996)/9. Let a be m/(-24) - (-2)/8. Calculate the highest common divisor of 16 and a.
16
Suppose -4*k + 4*q - 5 = -33, 4*q = 3*k - 18. Calculate the highest common divisor of 40 and k.
10
Let o be (-1 + -58 + -5)*-20. Let q be (o/(-4))/(-5) - 0. Calculate the highest common factor of q and 48.
16
Suppose 18*f - 138 + 48 = 0. Let s be 1/1*1*5. Let r be 123/s - 2/(-5). What is the greatest common divisor of r and f?
5
Suppose 148 = 16*t - 140. Calculate the highest common factor of t and 57.
3
Let g = -33 + 50. Suppose -g + 42 = 5*w. Suppose -7*z + 180 = -w*z. Calculate the greatest common divisor of 36 and z.
18
Let g = -834 + 874. What is the highest common factor of 3160 and g?
40
Suppose -2*s + 0*s + 32 = 0. Let g = 22 - s. Let z be 13/2*(8 - g). Calculate the greatest common divisor of 65 and z.
13
Suppose 0 = 16*o - 14*o - 738. Calculate the greatest common divisor of 18 and o.
9
Let g = -87 - -111. Calculate the highest common factor of 6 and g.
6
Let s(w) = -w**2 - 10*w - 6. Let y be s(-3). Suppose -4*n = -3*j + 155, 5*j + 2*n - 200 = -3*n. What is the highest common factor of y and j?
15
Let a be 6*(-4)/(-9)*18/8. What is the greatest 